ighest common divisor of r and 48.
24
Suppose 91*d - 94*d + 666 = 0. What is the highest common factor of d and 111?
111
Suppose 13*x + 12 = 15*x. Suppose 8*w + 0*w - 56 = 0. Let z(h) = -h + 11. Let p be z(w). What is the highest common factor of p and x?
2
Let c = -322 - -350. What is the greatest common factor of 224 and c?
28
Let m be 8/3 - (-4)/(-6). Let w(p) = 55*p + 4. Let j be w(m). Let r(z) = 2*z**2 + 4*z + 3. Let y be r(-4). Calculate the greatest common factor of j and y.
19
Suppose 0 = -4*u + 4*p + 2740, -3*u + 1259 = -2*p - 791. What is the highest common factor of 40 and u?
40
Suppose 0*l - 36 = 2*l. Let n = l - -39. Let t = -12 + n. Calculate the greatest common factor of 45 and t.
9
Suppose -21*d - 1680 = -24*d. What is the greatest common divisor of 20 and d?
20
Let y(x) be the second derivative of x**4/4 + 4*x**3/3 - 9*x**2/2 + 3*x. Let c be y(7). Let b = c + -104. What is the highest common factor of b and 10?
10
Let b be 12/28 + 2340/28. Suppose 3*k = 18 + 18. What is the greatest common divisor of b and k?
12
Let h(q) = -439*q + 1. Let k be h(-1). Calculate the greatest common factor of k and 40.
40
Let r = 113 + -65. What is the highest common factor of r and 216?
24
Let n = -1200 - -1278. Calculate the highest common factor of n and 390.
78
Let c(k) = k**3 + 11*k**2. Let z be c(-11). Suppose -5*g + 3*s + 366 = z, 0 = 2*g - 3*s - 114 - 36. Calculate the highest common factor of 24 and g.
24
Let z = 380 - 363. What is the highest common factor of 697 and z?
17
Suppose 3*z - 128 = u, 3*u - 5*u - 212 = -5*z. What is the highest common divisor of 176 and z?
44
Let d = 504 - 498. Calculate the highest common factor of 2 and d.
2
Suppose -s = -0*s. Suppose s = -2*z - 4*h + 34, -h + 26 + 20 = 3*z. Suppose 116 = -11*v + z*v. What is the highest common factor of 319 and v?
29
Let k(t) = -t**2 + 6*t - 3. Let v be k(5). Let i = 40 + v. Suppose -2*p = -p - 28. Calculate the highest common factor of p and i.
14
Suppose -30 = -2*m - 4*q, -m - 5*q = 9 - 24. Calculate the greatest common factor of 1110 and m.
15
Let b = -123 + 126. Suppose 0 = -2*v, -w = -b*w - 2*v + 6. What is the highest common divisor of w and 2?
1
Let w(z) = 12*z**2 + 97*z. Let y be w(-10). What is the highest common factor of y and 138?
46
Suppose 3*u + c - 7 = 0, 0*u - 2 = -3*u - 2*c. Suppose -52 = -2*d - u*r, -3*d + 2*r = d - 94. Calculate the greatest common factor of d and 16.
8
Let f = -1 - -3. Let h be (f - 3 - -15)*1. Suppose 168 = 2*p + 2*p. Calculate the highest common factor of h and p.
14
Let k(u) = -u**3 + 17*u**2 - 17*u + 3. Let f be k(16). Let z = 17 + f. Suppose 1 = l - 4*w, z*w = 5*l - w - 35. What is the highest common factor of 81 and l?
9
Suppose -g + 7 = -38. Let y(m) = 4*m. Let p be y(-6). Let c = g + p. What is the greatest common divisor of c and 21?
21
Let u(v) = 2*v - 1. Let x be u(3). Suppose 0 = -x*d - 5*s + 50, -s = 5*d - 3*d - 15. Suppose d*q - 28 = 57. What is the highest common divisor of 119 and q?
17
Suppose 2*x - 6 = 6. Let v = 6 + x. Let q(d) = -38*d - 6. Let t be q(-3). Calculate the greatest common factor of t and v.
12
Let m be (-20350)/(-132) + 1/(-6). Calculate the highest common factor of m and 42.
14
Let q(h) = 6*h + 3. Let g be q(3). Suppose g - 151 = -2*z. Calculate the highest common factor of 26 and z.
13
Let n = -640 - -944. Suppose 416*v - 413*v - 144 = 5*x, -18 = 3*x. Calculate the highest common factor of v and n.
38
Suppose 5*y = 23 + 2. Suppose -y*d - 43 + 213 = 0. Let h be (-8)/(-36) + 914/18. What is the highest common divisor of h and d?
17
Let d = -50 + 67. Let k = 39 - d. Calculate the highest common divisor of k and 198.
22
Let t(v) = 2*v - 2. Let g be t(4). Let u(a) be the first derivative of 3*a**2/2 - 9*a + 2. Let k be u(g). What is the highest common divisor of k and 81?
9
Let l(o) = o**2 - 22*o + 19. Let j(b) = -b**2 + 21*b - 18. Let z(n) = 7*j(n) + 6*l(n). Let f be z(13). What is the greatest common factor of f and 182?
14
Suppose -4*a + 7 = -13. Suppose 0 = y - a*y + 576. What is the highest common factor of 16 and y?
16
Suppose 0*k - 19 = -2*g + 3*k, 2*g - k - 9 = 0. Suppose 5*h - 3*h - 8 = 0. Suppose -65 + 1 = -h*v. What is the highest common factor of v and g?
2
Suppose 0*w - 70 = 5*w. Let h = 17 + w. Suppose -3*b - b + 60 = 0. Calculate the greatest common divisor of h and b.
3
Let d = 827 - 821. Calculate the greatest common divisor of d and 54.
6
Let j(q) = -q**3 + 2*q**2 - 5*q + 2. Let a be j(3). Let c = 33 + a. What is the greatest common factor of c and 121?
11
Suppose -2*r - 1 = 139. Suppose 2*x + h + 67 = -0*h, 0 = h + 5. Let o = x - r. Calculate the highest common factor of 13 and o.
13
Suppose 0 = -61*g + 55*g + 78. Calculate the highest common divisor of 143 and g.
13
Let w be -34*(-1)/(-9) + 4/(-18). Let q be (52/(-16))/(w/32). Calculate the highest common divisor of 208 and q.
26
Let z be 2/5 - 1565/(-25). Let n = 1122 + -1101. Calculate the highest common divisor of z and n.
21
Let p = 9 + 18. Let v = 34 - p. Calculate the greatest common factor of 28 and v.
7
Suppose -4*f + 10*w - 8*w = -4886, -2*f - w = -2445. Calculate the highest common factor of f and 26.
26
Let o(k) = -23*k + 286. Let c be o(8). Calculate the greatest common divisor of 578 and c.
34
Suppose 2*z = -4*z + 48. Let t be z/(-4)*(0 + -2). Suppose -2*y = -5*y + 60. What is the greatest common divisor of y and t?
4
Suppose 2*q = 2*u + 4, -q = -6*q - 4*u + 28. Let f(w) = 4*w - 7. Let n be f(q). Suppose 162 = -3*a + n*a. What is the highest common factor of 9 and a?
9
Suppose 4*g - 20 = -2*q, -4*g + 13 = -4*q - 7. Let r be (44/6)/(g/(-15)). Let x = -6 - r. What is the highest common divisor of x and 8?
8
Suppose -16*q + 256 = 16*q. Let u be (-8)/((-1)/2*2). Calculate the highest common divisor of q and u.
8
Let y(n) = -n**2 - 23*n + 40. Let h(f) = -2*f**2 - 46*f + 80. Let u(d) = 4*h(d) - 7*y(d). Let p be u(-19). What is the greatest common factor of 29 and p?
29
Let v(t) = 9*t - 1. Let h be v(1). Suppose 18 + 0 = 6*c. Let f(q) = 27*q + 7. Let l be f(c). Calculate the highest common divisor of h and l.
8
Suppose -2*i + 39 = 3*g, i - 4*i = 4*g - 53. Suppose 22*n - g*n - 187 = 0. Calculate the greatest common divisor of n and 85.
17
Suppose -149 + 19 = 5*f. Let z = -18 - f. What is the greatest common divisor of z and 32?
8
Let v(i) = 10*i**2 + 7*i - 1. Let s be v(3). Calculate the greatest common divisor of s and 286.
22
Let b be (280/(-25) - 2)/((-3)/15). Suppose -q = -5*y + 28, 2*q = -3*y - 3*q + 28. What is the greatest common factor of b and y?
6
Let h(x) = -5*x - 55. Let n be h(-12). Calculate the highest common divisor of n and 25.
5
Let l(o) = o**3 + 12*o**2 + 4*o. Let k be l(-15). Let s = -306 - k. Calculate the highest common factor of 39 and s.
39
Let p = 147 + -7. Let u(h) = 8*h - 333. Let x be u(46). Calculate the greatest common divisor of p and x.
35
Let c = -42 + 60. Suppose -5*o = f - 415, 5*f + 7 = -c. What is the greatest common divisor of 12 and o?
12
Let o be (2 - -68)/((-1)/(-2)). Let n = 205 - o. What is the greatest common divisor of 26 and n?
13
Let u(z) = 2*z**3 + 17*z**2 + 8*z + 4. Let x be (-13)/5 + 2 + 518/(-70). Let g be u(x). Let i be 30/8 - (-1)/4. Calculate the highest common divisor of i and g.
4
Let t = 1 - -1. Suppose -5*q = 2*p - 44, 3*p = 2*q - 12 + t. Let u = -465 - -473. Calculate the highest common factor of q and u.
8
Let b = 284 + -260. What is the highest common divisor of 12 and b?
12
Suppose -17*v = -13*v - 48. What is the greatest common divisor of 444 and v?
12
Let j(k) = -k**3 + 14*k**2 - 2. Let b be j(14). Let o = 10 + b. Suppose -n = -o - 37. Calculate the greatest common divisor of n and 15.
15
Suppose 52 = 2*i - w, 65 = 3*i + 5*w - 0*w. Let f be (-3 - 12)/((-2)/30). Calculate the highest common divisor of f and i.
25
Suppose 3*b - i - 20 = 0, 2*b + i = -3*b + 20. Suppose 3*f - 34 = -2*k + 6*f, -b*k + 5*f + 75 = 0. What is the greatest common factor of k and 11?
11
Let p(g) = g**2 - 9*g - 26. Let t be p(-8). Let q = -62 + t. What is the highest common factor of q and 12?
12
Let d = 4 - -7. Let q(l) = l**3 + 30*l**2 - 34*l - 82. Let t be q(-31). What is the highest common divisor of d and t?
11
Let u be 1488/36 + (-6)/(-9). Let i(f) = f**2 + 8*f - 6. Let k be i(-10). Calc